e
Let h(t) = t**3 + 4*t**2 + 6*t + 2. Suppose -18 - 2 = 5*c, 3*a = 5*c + 41. Is h(a) a composite number?
True
Let g = -17 - -19. Suppose -4*w = -g*w - 20. Suppose 3*h - 236 = -w*t + 5*t, -3*t - 2*h = -142. Is t composite?
True
Let m be 452/(-9) - (-4)/18. Let h = m - -235. Is h prime?
False
Let l(t) = -2*t - 6. Let a be l(-3). Suppose 3*m + m - 36 = a. Suppose 5*r + 104 = m*r. Is r a composite number?
True
Suppose 0 = 4*x + 3*m - 5*m + 28, -5*m - 8 = 3*x. Let l be 4 + x + 5 - -471. Let o = l - 271. Is o composite?
True
Is -388*(-12)/((-288)/(-258)) prime?
False
Suppose 4*t + 4*h - 32 = 0, 4*h - 9 = t - 2. Suppose 3*g - 1025 = -g - t*q, 5*g = 2*q + 1306. Let n = -127 + g. Is n a composite number?
True
Is -1 + -6 - -4923 - -3 a composite number?
False
Suppose -2*q = 4*q - 48. Let k(x) = x**3 - 3*x**2 - 10*x - 1. Is k(q) prime?
True
Let j = -71 - -106. Let q = -15 + j. Suppose -2*h - q = -134. Is h prime?
False
Let s be 9/(-2)*(-154)/33. Let b be (-32)/(-5) - s/(-35). Suppose 3*j - 5*u - 41 - b = 0, 2*j - 28 = 2*u. Is j prime?
True
Let i = 7 - 20. Let s = 17 + i. Suppose -s*y + 1522 - 486 = 0. Is y a composite number?
True
Let k(t) = 258*t**2 + 11*t + 6. Let p be k(-4). Let h = 6269 - p. Is h a composite number?
False
Let q be 20*1/(-2)*1. Let t = -7 - q. Suppose t*a - 2*j = 71, a - j = -3*a + 93. Is a a composite number?
False
Let h = -85 + 65. Is ((-235)/h + 3/(-12))*6 composite?
True
Let k be (-31)/((-4 - -3)/1). Let a = k + -21. Is a/(-35) - 8726/(-14) composite?
True
Let f be 6/(-4)*134*-5. Let b = f - 1861. Is (-3)/2*b/6 a composite number?
True
Let o(a) = -6*a**3 - 11*a**2 - 7*a - 35. Is o(-9) a composite number?
False
Let b(u) = u**3 + 13*u**2 - 11*u - 35. Is b(12) prime?
True
Let n(i) = 32*i**2 - 3*i - 2. Let y be n(2). Let d = 216 - y. Let z = -43 + d. Is z composite?
False
Suppose 5*c - 18047 = 4*k, 3*c + 0*k = -k + 10818. Is c prime?
True
Let b(a) = -4*a**3 - 2*a**2 + 20*a + 7. Suppose 6*i + 11 = -25. Is b(i) prime?
False
Let x(b) = 8*b**2 + b - 9. Let r be x(4). Suppose r = 4*n - 133. Suppose -c = n - 183. Is c a composite number?
True
Suppose -10 = -4*l - x, -2*x = 5*l - 7*x - 25. Suppose 3*p = 2*d - 395, -p - 1 = -2. Suppose -3*s = l*i - 765, 0 = 2*s + i - 705 + d. Is s a composite number?
False
Let h(r) = 1 - 8 + 65*r + 14. Is h(8) a prime number?
False
Let h(q) be the first derivative of 23*q**5/60 - q**4/6 + q**3/3 - 3*q**2/2 - 5. Let v(y) be the second derivative of h(y). Is v(2) prime?
False
Let u = -44 + 46. Suppose -6433 = -5*k - u*k. Is k a composite number?
False
Let b = 10 + -16. Let f be 45 - -1 - b/3. Suppose -2*z + 3*n + 482 = -f, 2*n + 1303 = 5*z. Is z a prime number?
False
Let v = 1187 + -594. Suppose n + v = 3240. Is n a prime number?
True
Suppose 0 = -39*t + 111*t - 8440488. Is t a prime number?
False
Let b(l) = -l**2 + 3*l + 16. Let u be b(-3). Let r(k) = -1571*k + 1. Is r(u) a composite number?
True
Let h(r) = -2*r + 7. Let u be h(8). Is 5/(u - 1)*-298 composite?
False
Is ((-1)/(-6))/(37688875/9422214 - 4) composite?
False
Suppose m - 5*k - 134827 = -9*k, -m + 5*k + 134782 = 0. Is m a composite number?
False
Suppose 4*q - u + 3*u = 182, -4*q = -3*u - 187. Let t = q - 445. Let z = -188 - t. Is z a prime number?
True
Let n(h) = -6*h - 3. Let z be n(-2). Let d = -180 + 187. Suppose -d*k + z*k = 586. Is k a prime number?
True
Is (3 - -4706) + 0 + (-8 - -4) composite?
True
Suppose 12*g = 14*g - 622. Suppose 13*t + g = 1806. Is t a prime number?
False
Suppose a = 0, -3*z + 12 = -0*a + 4*a. Suppose 3045 = z*p - 919. Is p a composite number?
False
Suppose 2*m + 2 = -m - 4*h, -5*h + 5 = 5*m. Let p be m/1*10/15. Suppose -p*l + 0*l + 2576 = -4*i, l = 5*i + 656. Is l prime?
True
Suppose 3*w + 24 = 3*m, 2*m = 2*w - m + 19. Let b(x) = -x - 3. Let d be b(w). Suppose -2*s - 103 + 1605 = -d*g, -3*s + 2253 = -4*g. Is s a prime number?
True
Let u(k) be the second derivative of 9*k**5/20 - 7*k**4/12 - 4*k**3/3 + 5*k**2/2 + 47*k. Is u(6) composite?
True
Suppose 0 = 20*g - 25*g - 3050. Suppose -4*l - 486 = -4234. Let m = l + g. Is m composite?
True
Let z be 450/20 + 1/2. Suppose -2*o - 92 = -4*r, -3*r + 49 = -3*o - z. Is r composite?
True
Let o(k) be the first derivative of -k**4/4 + 10*k**3/3 - 5*k**2 + 7*k - 5. Let g be (-1)/(-4) - (-23)/4. Is o(g) composite?
True
Suppose 0 = a - 3*p + 5*p - 16895, 0 = 3*a + 4*p - 50691. Is a prime?
True
Let k(o) = -o**3 - 9*o**2 + 12*o + 8. Let w be k(-10). Let b(y) = y**3 + 12*y**2 - 4*y - 16. Let f be b(w). Suppose 371 - f = t. Is t prime?
False
Suppose 3*h - 184 = 7*h. Let l = -32 - h. Suppose 0*f = f - 5*y + l, 3*f = y + 28. Is f composite?
False
Suppose n - 5*x = 2287, -1815 = -n + 4*x + 475. Is n a prime number?
False
Let s(n) = -4*n**2 + 9*n + 16. Let z be s(-11). Let y = z + 5212. Is y a composite number?
True
Let k(n) = -n**3 + 5*n**2 + 2*n - 5. Let p be k(5). Suppose 5*z - 5 = p. Is (7 - 3)*1 + z a prime number?
False
Suppose 0*k = -3*k + 4686. Suppose 0 = -t + 5 - 4, -t = -3*a + k. Is a prime?
True
Let y = 13 + -10. Suppose 1 = 4*k - y. Is 2/k - -7*101 a composite number?
False
Let f(b) = b**3 + 13*b**2 + 11*b - 9. Suppose -36 = 3*v - 2*a, -2*v = -5*v - 3*a - 36. Let u be f(v). Suppose 0 = c + u*c - 236. Is c composite?
False
Is (-6)/(-10) - ((-379616)/10)/4 prime?
True
Let g(p) = 14*p**2 - 3*p - 46. Let w(b) = b + 15. Let o be w(-6). Is g(o) a composite number?
False
Let x = -57 + 72. Suppose 6*z - 5*z = x. Is z a prime number?
False
Let q(u) = 2*u + 2. Let w be q(-4). Let a be 536/(-24) - 2/w. Is 8/(-44) + (-1698)/a composite?
True
Is 12487*6*135/270 a prime number?
False
Suppose -4*g + 15772 = 2*y, 5*g - 8*y = -7*y + 19701. Is g a composite number?
True
Suppose 2*h - 4 + 12 = 0, -y + 852 = 3*h. Let u = -518 + y. Is u composite?
True
Let h(m) be the third derivative of -10*m**4/3 + m**3/3 - 10*m**2. Let j be h(-5). Suppose g - 505 = j. Is g prime?
True
Is 278464/288 + ((-1)/(-9))/1 a composite number?
False
Let y(t) = -2*t**2 - 2. Suppose -4*l - 5*k - 40 = 0, 3*k = 2*l + k + 2. Let c be y(l). Let z = c - -263. Is z a prime number?
True
Is 42/(-112) - 2843/(-8) prime?
False
Let m be 20/(-32)*-4 + 1/2. Suppose 5*k - 478 = 5*s - 163, 3*s = -m*k + 165. Is k prime?
True
Suppose 8*a + 7*a = 73665. Is a a composite number?
True
Let m(c) = 4272*c - 247. Is m(7) a composite number?
True
Let z(a) = 6*a + 49. Let x be z(-9). Is ((-10)/10)/((x + 2)/6447) prime?
False
Suppose 4*o - 4947 = -3*b, -4*b - o - 2*o + 6596 = 0. Is b prime?
False
Let r be 140/15 + (-2)/6. Suppose r*j - 4*j = 1465. Is j composite?
False
Let h = 0 - 14. Let a be (-8)/(-28) + (-66)/h. Suppose -a*w = -2*b + 667, 4*w + 1 + 3 = 0. Is b a composite number?
False
Is (-161227)/(-25) - 62/775 prime?
True
Is 1/((7/(-42))/((-251)/3)) prime?
False
Is ((-822)/(-21))/(2/14) prime?
False
Suppose -2*x + 9*c + 37 = 4*c, -3*c = 2*x - 29. Let z be 1/(-4) + 628/x. Let k = z - 5. Is k composite?
True
Suppose 5*v = 3*b - 0 + 36, b = 5*v - 32. Let o(l) = -3*l - 4 + 19 + v. Is o(0) prime?
False
Let p(z) = z**3 + 12*z**2 - z - 11. Let b be p(-12). Let n(u) = 910*u**3 + 2*u**2 - 3*u + 2. Is n(b) composite?
False
Let v be 16/(-10)*(-15)/(-3). Let h = v - -13. Suppose 5*x = -2*p + p + 3244, -5*p - h = 0. Is x a prime number?
False
Is 2/1 + 3 + 98616/4 prime?
True
Let k(s) = 448*s**3 + 5*s**2 - s - 57. Is k(4) a composite number?
True
Let d be (-96400)/(-30) + (-3)/9. Suppose 1340 + d = n. Is n a prime number?
False
Let c = -898 + 426. Let s = c + 1271. Is s prime?
False
Suppose -6 = -4*j + 6. Is 347/((j/21)/(2/14)) a prime number?
True
Suppose d + 19 = -p, -p - 21 = -d + 8. Let i = 10917 + -15353. Is i/p - 1/(-6) composite?
True
Let l(w) be the third derivative of -w**6/120 - 3*w**5/20 - w**4/4 - 7*w**3/3 - 13*w**2. Let t be l(-10). Suppose 2*k - 84 - t = 0. Is k composite?
True
Let u = 5180 - -1887. Is u prime?
False
Let z(s) be the third derivative of 3*s**6/40 + s**5/60 + s**4/12 + 7*s**3/6 + 2*s**2 + 5. Suppose q + 1 = 4. Is z(q) prime?
False
Let u = -22 - -243. Suppose 3*g - u = -2*z, 3*z - z = 2*g - 164. Is g a prime number?
False
Suppose w - 3*d - 20436 = -8*d, -5*w - 5*d + 102200 = 0. Is w composite?
False
Suppose 0 = -12*c + 9*c. Suppose 5*b - 110 = -c*b + 5*j, 1 = -j. Is b prime?
False
Suppose 3*j - 768 = -9*j. Let y = -53 + j. Is y com